 80 = -2*h. Let d = j - h. Does 7 divide d?
False
Let z be -1*1 + (-6 - -1). Let g be ((-114)/4)/(z/8). Let q = g + -20. Is 9 a factor of q?
True
Let x = 2 + 0. Let i be x/(-6) + (-2)/(-6). Suppose i = 5*w - w - 48. Does 11 divide w?
False
Suppose 0 = -3*q + 409 + 110. Suppose 5*p = q - 53. Suppose 3*s - p - 12 = 0. Is s a multiple of 6?
True
Suppose -l + 25 = 4*l + 2*t, -3*l + 24 = 3*t. Is 21 a factor of (l/5)/((-4)/(-140))?
True
Suppose 4*p + 0*p = 0. Suppose -j + 3 + 3 = p. Does 2 divide j?
True
Let g(q) = 27 + q - 19 - 2*q. Let f be 3 - (1 + 0) - -2. Is 2 a factor of g(f)?
True
Suppose -4*x - 173 + 469 = 0. Does 19 divide x?
False
Is 2 a factor of (1 + 3)/(2/4)?
True
Let y(w) = -w**2 - w + 9. Suppose 3*s + 3*x = -12, -s + 2*s + 20 = -5*x. Suppose -4*j - 2*q = -2, 3*j + 5*q = -s*j + 5. Is 7 a factor of y(j)?
False
Suppose -2*q - 120 = -6*q. Is q a multiple of 21?
False
Suppose -2*v = -v + 2. Is (-11)/v + 1/(-2) a multiple of 3?
False
Suppose -u + 13 = -w - 6, 5*u = -2*w + 130. Is 4 a factor of u?
True
Suppose 0 = -3*h - 15, 4*y + 2*h = -y. Suppose 3*a + 224 = 2*l + 3*l, y*l = -4*a + 100. Is l a multiple of 18?
False
Suppose 0*y - 4*y + 2220 = 0. Let h be (-2)/(-4) - y/(-6). Suppose 3*z + 2*z = l + 89, h = 5*z - 2*l. Is 6 a factor of z?
False
Let j be 4/(-14) - (-116)/14. Let c(l) = l**3 + 10*l**2 + 9*l + 3. Let k be c(-9). Suppose -k*m + 99 = j*s - 3*s, 3*m = -3*s + 93. Does 15 divide m?
False
Let h be 2/((-1)/(-36)*3). Let t be (-8)/(-6) + 16/h. Is t*-3*3/(-2) a multiple of 8?
False
Let u(r) = 0*r - 3 - r + 2. Let c be u(-5). Suppose -3*h + c*h + 34 = 2*x, 3*x - 46 = 4*h. Does 9 divide x?
True
Suppose z - 4*q = 2, 2*z = 5*z - 3*q - 6. Suppose i + 25 = c + z*c, 3*c = 3*i + 15. Is c a multiple of 5?
True
Let j(c) = -16*c - 45*c + 1 - 17*c + 15*c. Let g be j(-1). Suppose 2*b - 26 = g. Is b a multiple of 13?
False
Suppose 16 = 3*o - 2*j, -5*j = 6 + 19. Suppose 2*a = -o + 6. Is (2/3)/(a/15) a multiple of 5?
True
Suppose 0 = 5*m + 5*a - 655, 4*a = -5*m + 3*m + 256. Is 36 a factor of m?
False
Suppose 0 = 4*v + 2*s - 8, -4*v - s - 2*s = -10. Let l be (-3)/v - (3 - 48). Let y = l - 7. Is y a multiple of 15?
False
Let f(n) = -n**3 + 3*n + 1. Let x be f(-3). Suppose -o + x = -p, 2*p - 18 = -4*o + 34. Does 15 divide o?
True
Suppose -2*s - 4*h + 200 = h, -2*s + 228 = -2*h. Is 11 a factor of s?
True
Let u(a) = a**2 - 5*a + 1. Let n be u(6). Let m = n + -1. Does 13 divide (102/4)/(m/8)?
False
Let r = -3 - 44. Let c = 65 + 4. Let l = c + r. Does 17 divide l?
False
Let p(a) be the first derivative of a**5/60 - a**4/6 - 7*a**3/6 - a**2/2 - 3. Let w(m) be the second derivative of p(m). Is w(6) a multiple of 5?
True
Suppose -482 = 5*i + 18. Let u = i - -171. Is u a multiple of 20?
False
Suppose 5*x - 75 = -15. Suppose -2*s + 4*b - x = -0*s, 28 = -4*s + 4*b. Does 8 divide (-54)/(-7) + s/(-28)?
True
Suppose 10 = 3*t + 2*t. Suppose 3*i - i = b + 28, t*i = 2*b + 28. Is i a multiple of 7?
True
Suppose 0*k = -2*c + k - 1, 5*c + 3*k = -19. Let o = 16 + c. Is o a multiple of 8?
False
Suppose q + 28 = -2*r, 5*q - 2*r + 25 + 67 = 0. Let f = -5 - q. Does 5 divide f?
True
Suppose 2*p = -p + 9. Suppose u - 40 = -p*u. Is 2 a factor of u?
True
Let d be 8*(-1)/(-4)*5. Is 5 a factor of ((-6)/d)/(1/(-35))?
False
Let y(p) = p**2 + 10*p + 9. Let d(r) = -r**2 - 9*r - 8. Let h(c) = 6*d(c) + 5*y(c). Let u be h(-2). Let o(g) = 18*g**3. Does 7 divide o(u)?
False
Suppose -7*g + 4*g = -3. Suppose -4*s - 4*p = -g - 23, -2*p = 4*s - 16. Suppose u - 132 = -5*k - s*u, 0 = 2*k - u - 44. Is k a multiple of 15?
False
Let u(y) = -y**2 + 7*y. Let f be u(9). Let p = -11 - f. Is 2 a factor of p?
False
Let t(o) = o**3 - 4*o - 1. Let x be t(3). Suppose -x - 40 = 3*j. Is 2*(-3)/j*30 a multiple of 10?
True
Does 9 divide (-4 + 1 - -4) + 53?
True
Let u(y) = -3*y**3 + 2*y**2 + y. Does 15 divide u(-3)?
False
Let t = 56 - 1. Is t a multiple of 14?
False
Let z(d) = -d - 2. Let t be z(-2). Suppose -50 = -5*k - t*k. Is 10 a factor of k?
True
Let m(n) = -n**3 + 10*n**2 - 7*n + 2. Let j be 58/(-5) + 6/10. Let y = -2 - j. Is m(y) a multiple of 6?
False
Suppose i - 27 = -h, -h + 2*i = -6*h + 144. Suppose a - h = -4*a. Suppose -a*o + 230 = -o. Is 23 a factor of o?
True
Let v = -49 - -11. Let k = -21 - v. Is 17 a factor of k?
True
Suppose 2*r - 5 = 7*r. Does 11 divide (-69)/(3/r) - 1?
True
Suppose 0 = 5*s - 11 - 9. Let a = -1 + s. Is a even?
False
Let k(n) = n + 6. Let d be k(-3). Suppose -y + 2*y = -d*o + 26, 4*y = -3*o + 140. Is y a multiple of 15?
False
Let j = 282 + -196. Does 14 divide j?
False
Let j(u) = -7*u + 6. Let g be j(-3). Suppose -2*v + v + g = 0. Is v a multiple of 11?
False
Let q(b) = -b - 2. Let d be q(-6). Suppose 0*k + 2*k - 3*n + 13 = 0, 0 = d*k + 4*n - 4. Is 11 a factor of (31 + -1)/1 - k?
False
Suppose -u = 3*s + 2, 2*u - 6 = 4*s + 10. Let f = 1 + s. Is (f*5)/((-2)/4) a multiple of 5?
True
Let w(s) = s**3 - 3*s**2 - 5*s + 1. Let h be w(4). Is 8 a factor of (-118)/(-6) - (-2)/h?
False
Let t(h) = -57*h**3 - 2*h**2 - h + 1. Does 17 divide t(-1)?
False
Suppose 2*w = 3*w. Let z = 5 + w. Suppose 3 = r, -2*o + 31 + 4 = z*r. Is 7 a factor of o?
False
Suppose -117 = -2*z - 3*y, -4*y + 274 + 36 = 5*z. Is z a multiple of 33?
True
Let k(i) = -i**2. Let b be k(0). Suppose b*h - 4*h + 114 = -3*d, 0 = -2*h + d + 58. Does 10 divide h?
True
Suppose 2*b = 7 + 3. Suppose -67 = -2*f - b*t, -4*f + 9*t - 4*t + 149 = 0. Is f a multiple of 10?
False
Let b = 264 - 186. Does 19 divide b?
False
Let g(k) = k + 2. Let h be g(3). Suppose 0 = -2*v - 2*x + 14, h*x + 0*x + 1 = v. Is 6 a factor of v?
True
Suppose 4*v + 0*v = o + 596, o = 4. Is v a multiple of 10?
True
Suppose 2*k = -2*k - 4*m + 308, -15 = -3*m. Is 12 a factor of k?
True
Suppose 0 = 3*u + u - 44. Does 4 divide u?
False
Let u = 37 + -1. Suppose -4*r = -2*r - u. Is 11 a factor of r?
False
Is 12 a factor of -22*7*(-24)/28?
True
Let x(d) be the third derivative of d**5/10 - d**3/6 + 2*d**2. Is x(-2) a multiple of 18?
False
Suppose -5*m - 134 = -2*i - m, 3*m - 127 = -2*i. Suppose -4*v + 63 = -i. Is v a multiple of 16?
True
Let m = 14 + -10. Suppose l = -m*h + 42, -3*h - 76 = -5*l + 134. Does 9 divide l?
False
Let f be 1 + 172/(-5 + 1). Is 0 + -1 - f - -1 a multiple of 16?
False
Suppose -t = -2*t + 21. Does 8 divide t?
False
Let w be -3*((-40)/(-3))/2. Does 20 divide -22*(-5)/(w/(-6))?
False
Let m(f) = -4*f + 16. Let y be m(-11). Is 20 a factor of -1*y*4/(-6)?
True
Let m(l) be the second derivative of 0 + 2*l + 1/2*l**4 + 0*l**2 - 1/2*l**3. Does 19 divide m(3)?
False
Suppose 9 = i + 2*o - 4*o, o = -2*i + 18. Is i a multiple of 3?
True
Suppose 2*t + 4*u - 80 = 0, -4*t + u + 206 = 19. Does 13 divide t?
False
Let j(k) = 0*k**2 + 7*k**2 + 5 - 7*k - k**3 + 0*k**2. Does 9 divide j(5)?
False
Let n = 101 + -57. Is 16 a factor of n?
False
Suppose -5*w = 16 - 1. Let c be (2/6)/(w/(-54)). Is c/(-4)*2*-3 a multiple of 6?
False
Let h be 4/(3 - 1)*1. Suppose -2*f = -h*a + 12, 0 = -4*a - a - 4*f + 57. Is 5 a factor of a?
False
Suppose 2*l - 8 - 12 = 0. Suppose q + q - l = 0. Suppose -c + 4*k = -17, -c + 2*c - 17 = q*k. Is c a multiple of 7?
False
Let z = -17 - -52. Is 7 a factor of z?
True
Let x(k) = 17*k**2 + k. Let q be x(1). Let u be (-4)/q + 40/18. Suppose l + 3*n = 11, 4*l - n = u*l + 15. Is 5 a factor of l?
False
Let l = -3 - -1. Let b be ((-36)/(-8))/(l/(-4)). Let k = 28 - b. Is k a multiple of 12?
False
Let m(i) = -i**3 - i**2 + i + 45. Is 18 a factor of m(0)?
False
Let t = -41 + 66. Let n be t + -1 + (4 - 1). Let q = n - -19. Does 16 divide q?
False
Suppose 3*n = 142 + 98. Is 6 a factor of n/14 - 8/(-28)?
True
Let v(s) = -7*s - 17. Is v(-4) a multiple of 5?
False
Suppose -163 = -h - 1. Suppose -w = w - h. Is w a multiple of 22?
False
Suppose -2 = j - 2*j, -5*q = -5*j - 15. Suppose -5*m + 30 = y, -5 - 7 = -2*m - q*y. Is m a multiple of 5?
False
Let q(n) = -n**2 - 23*n + 3. Is 9 a factor of q(-21)?
True
Let y be 4/(-6) + (-39)/9. Is 20 a factor of ((-12)/y)/(24/400)?
True
Let w be (-4)/(-10) - (-66)/10. Let q(u) = u + 4 - 3*u + 4 + 4*u. Does 10 divide q(w)?
False
Suppose -2*m = -5*m - 2*o + 31, 0 = -2*m - 3*o + 29. Let p(v) = v**3 - 7*v**2 - 10. Let w be p(m). Is 3 a factor of (-2)/w - 132/(-15)?
True
Suppose -2*f + 49 + 89 = 0. Is 5 a factor of f?
False
Suppose -2*i -